{"id":379,"date":"2025-11-28T12:44:09","date_gmt":"2025-11-28T11:44:09","guid":{"rendered":"https:\/\/faunatic.pl\/index.php\/produkt\/neopetrolisthes-maculatus-krab-porcelanowy-porcelain-crab\/"},"modified":"2025-12-11T05:40:11","modified_gmt":"2025-12-11T04:40:11","slug":"neopetrolisthes-maculatus-krab-porcelanowy-porcelain-crab","status":"publish","type":"product","link":"https:\/\/faunatic.pl\/index.php\/produkt\/neopetrolisthes-maculatus-krab-porcelanowy-porcelain-crab\/","title":{"rendered":"Neopetrolisthes maculatus &#8211; Krab porcelanowy &#8211; Porcelain Crab"},"content":{"rendered":"<p>Odbi\u00f3r osobisty, Bia\u0142ystok &#8211; Klepacze &#8211; woj. Podlaskie<br \/>\nMo\u017cliwa wysy\u0142ka PKP &#8211; po\u0142\u0105czenia bezpo\u015brednie z Bia\u0142egostoku. Minimalne zam\u00f3wienie 600z\u0142. Koszt wysy\u0142ki 40z\u0142 (Styrobox + Heatpack 24h).<br \/>\nMo\u017cliwa wysy\u0142ka UPS Live Animals  &#8211; dostawa nast\u0119pnego dnia do godz. 12:00 (koszt 50 z\u0142)<\/p>\n<p>Neopetrolisthes maculatus &#8211; Krab porcelanowy &#8211; Porcelain Crab<\/p>\n<p>Poziom trudno\u015bci: \u0142atwy<br \/>\nTemperament: spokojny, samce mog\u0105 by\u0107 agresywne wobec siebie w ma\u0142ych zbiornikach<br \/>\nMaksymalna wielko\u015b\u0107: do 4 cm<br \/>\nMinimalny zbiornik: 30\u201360 l<br \/>\nPokarm: artemia, larwy artemii, plankton, oczliki, drobny suchy pokarm<br \/>\nPochodzenie: Filipiny, Indopacyfik, Pacyfik zachodni<\/p>\n<p>Neopetrolisthes maculatus to niewielki, efektowny krab symbiotyczny, zaliczany do tzw. krab\u00f3w ukwia\u0142owych. W naturze zamieszkuje r\u00f3\u017cne gatunki ukwia\u0142\u00f3w, tworz\u0105c z nimi korzystn\u0105 dla obu stron relacj\u0119. W akwarium, je\u015bli brak ukwia\u0142\u00f3w, mo\u017ce zasiedla\u0107 r\u00f3wnie\u017c mi\u0119kkie koralowce.<\/p>\n<p>Kraby te od\u017cywiaj\u0105 si\u0119 g\u0142\u00f3wnie \u015bluzem ukwia\u0142u, ale ch\u0119tnie przyjmuj\u0105 rozmaite pokarmy mro\u017cone oraz drobny suchy pokarm. Zwykle najlepiej hodowa\u0107 je w parach \u2013 samce i samice mo\u017cna odr\u00f3\u017cni\u0107 po kszta\u0142cie odw\u0142oka (u samca w\u0119\u017cszy, u samicy szerszy). Dwa samce w jednym zbiorniku mog\u0105 wykazywa\u0107 agresj\u0119 wobec siebie, szczeg\u00f3lnie w mniejszych akwariach.<\/p>\n<p>Cia\u0142a kraba s\u0105 zwarte i sp\u0142aszczone, a zwierz\u0119ta te s\u0105 delikatne \u2013 w obliczu zagro\u017cenia potrafi\u0105 zrzuci\u0107 ko\u0144czyn\u0119, aby uciec przed drapie\u017cnikiem. Pomimo niewielkich rozmiar\u00f3w stanowi\u0105 ciekawy, dekoracyjny i po\u017cyteczny element akwarium morskiego.<\/p>\n","protected":false},"excerpt":{"rendered":"<p>Odbi\u00f3r osobisty, Bia\u0142ystok &#8211; Klepacze &#8211; woj. Podlaskie Mo\u017cliwa wysy\u0142ka PKP &#8211; po\u0142\u0105czenia bezpo\u015brednie z Bia\u0142egostoku. Minimalne zam\u00f3wienie 600z\u0142. Koszt [&hellip;]<\/p>\n","protected":false},"featured_media":377,"comment_status":"open","ping_status":"closed","template":"","meta":{"site-sidebar-layout":"default","site-content-layout":"","ast-site-content-layout":"default","site-content-style":"default","site-sidebar-style":"default","ast-global-header-display":"","ast-banner-title-visibility":"","ast-main-header-display":"","ast-hfb-above-header-display":"","ast-hfb-below-header-display":"","ast-hfb-mobile-header-display":"","site-post-title":"","ast-breadcrumbs-content":"","ast-featured-img":"","footer-sml-layout":"","theme-transparent-header-meta":"","adv-header-id-meta":"","stick-header-meta":"","header-above-stick-meta":"","header-main-stick-meta":"","header-below-stick-meta":"","astra-migrate-meta-layouts":"default","ast-page-background-enabled":"default","ast-page-background-meta":{"desktop":{"background-color":"var(--ast-global-color-5)","background-image":"","background-repeat":"repeat","background-position":"center center","background-size":"auto","background-attachment":"scroll","background-type":"","background-media":"","overlay-type":"","overlay-color":"","overlay-opacity":"","overlay-gradient":""},"tablet":{"background-color":"","background-image":"","background-repeat":"repeat","background-position":"center center","background-size":"auto","background-attachment":"scroll","background-type":"","background-media":"","overlay-type":"","overlay-color":"","overlay-opacity":"","overlay-gradient":""},"mobile":{"background-color":"","background-image":"","background-repeat":"repeat","background-position":"center center","background-size":"auto","background-attachment":"scroll","background-type":"","background-media":"","overlay-type":"","overlay-color":"","overlay-opacity":"","overlay-gradient":""}},"ast-content-background-meta":{"desktop":{"background-color":"var(--ast-global-color-4)","background-image":"","background-repeat":"repeat","background-position":"center center","background-size":"auto","background-attachment":"scroll","background-type":"","background-media":"","overlay-type":"","overlay-color":"","overlay-opacity":"","overlay-gradient":""},"tablet":{"background-color":"var(--ast-global-color-4)","background-image":"","background-repeat":"repeat","background-position":"center center","background-size":"auto","background-attachment":"scroll","background-type":"","background-media":"","overlay-type":"","overlay-color":"","overlay-opacity":"","overlay-gradient":""},"mobile":{"background-color":"var(--ast-global-color-4)","background-image":"","background-repeat":"repeat","background-position":"center center","background-size":"auto","background-attachment":"scroll","background-type":"","background-media":"","overlay-type":"","overlay-color":"","overlay-opacity":"","overlay-gradient":""}}},"product_brand":[],"product_cat":[20,30],"product_tag":[],"class_list":{"0":"post-379","1":"product","2":"type-product","3":"status-publish","4":"has-post-thumbnail","6":"product_cat-bezkregowce","7":"product_cat-kraby","8":"desktop-align-left","9":"tablet-align-left","10":"mobile-align-left","12":"first","13":"outofstock","14":"shipping-taxable","15":"purchasable","16":"product-type-simple","17":"out-of-stock-bw"},"_links":{"self":[{"href":"https:\/\/faunatic.pl\/index.php\/wp-json\/wp\/v2\/product\/379","targetHints":{"allow":["GET"]}}],"collection":[{"href":"https:\/\/faunatic.pl\/index.php\/wp-json\/wp\/v2\/product"}],"about":[{"href":"https:\/\/faunatic.pl\/index.php\/wp-json\/wp\/v2\/types\/product"}],"replies":[{"embeddable":true,"href":"https:\/\/faunatic.pl\/index.php\/wp-json\/wp\/v2\/comments?post=379"}],"wp:featuredmedia":[{"embeddable":true,"href":"https:\/\/faunatic.pl\/index.php\/wp-json\/wp\/v2\/media\/377"}],"wp:attachment":[{"href":"https:\/\/faunatic.pl\/index.php\/wp-json\/wp\/v2\/media?parent=379"}],"wp:term":[{"taxonomy":"product_brand","embeddable":true,"href":"https:\/\/faunatic.pl\/index.php\/wp-json\/wp\/v2\/product_brand?post=379"},{"taxonomy":"product_cat","embeddable":true,"href":"https:\/\/faunatic.pl\/index.php\/wp-json\/wp\/v2\/product_cat?post=379"},{"taxonomy":"product_tag","embeddable":true,"href":"https:\/\/faunatic.pl\/index.php\/wp-json\/wp\/v2\/product_tag?post=379"}],"curies":[{"name":"wp","href":"https:\/\/api.w.org\/{rel}","templated":true}]}}