{"id":274,"date":"2025-11-19T08:58:45","date_gmt":"2025-11-19T07:58:45","guid":{"rendered":"https:\/\/faunatic.pl\/index.php\/produkt\/cryptocentrus-cinctus-yellow-prawn-goby\/"},"modified":"2026-03-19T06:11:44","modified_gmt":"2026-03-19T05:11:44","slug":"cryptocentrus-cinctus-yellow-prawn-goby","status":"publish","type":"product","link":"https:\/\/faunatic.pl\/index.php\/produkt\/cryptocentrus-cinctus-yellow-prawn-goby\/","title":{"rendered":"Cryptocentrus cinctus &#8211; Yellow Prawn Goby"},"content":{"rendered":"<p>Odbi\u00f3r osobisty, Bia\u0142ystok \u2013 Klepacze \u2013 woj. Podlaskie<br \/>\nMo\u017cliwa wysy\u0142ka PKP \u2013 po\u0142\u0105czenia bezpo\u015brednie z Bia\u0142egostoku. Minimalne zam\u00f3wienie 600z\u0142. Koszt wysy\u0142ki 40z\u0142 (Styrobox + Heatpack 24h).<br \/>\nMo\u017cliwa wysy\u0142ka UPS Live Animals \u2013 dostawa nast\u0119pnego dnia do godz. 12:00 (koszt 50 z\u0142)<\/p>\n<p>Poziom trudno\u015bci: \u0142atwy<br \/>\nTemperament: \u0142agodny, spokojny<br \/>\nMaksymalna wielko\u015b\u0107: do 9 cm<br \/>\nMinimalny zbiornik: 120 l<br \/>\nParametry wody: 22\u201326\u00b0C, dKH 8\u201312, pH 8,1\u20138,4, zasolenie 1,023\u20131,025<\/p>\n<p>Cryptocentrus cinctus &#8211; to niewielka, \u0142agodna ryba, kt\u00f3ra najlepiej czuje si\u0119 w akwariach wyposa\u017conych w kryj\u00f3wki i warstw\u0119 piasku. W naturze cz\u0119sto \u017cyje w symbiozie z krewetkami pistoletowymi (Alpheus), kt\u00f3re kopi\u0105 norki, zapewniaj\u0105c schronienie zar\u00f3wno sobie, jak i rybie. Babka korzysta z jamki, pilnuj\u0105c jej wej\u015bcia dzi\u0119ki lepszemu wzrokowi ni\u017c skorupiak. Obserwuj\u0105c j\u0105 w akwarium, mo\u017cna zauwa\u017cy\u0107, \u017ce krewetka stale utrzymuje kontakt z ryb\u0105 jednym z czu\u0142k\u00f3w, co pozwala obu organizmom szybko schroni\u0107 si\u0119 w przypadku zagro\u017cenia.<\/p>\n<p>Ryba jest terytorialna w stosunku do osobnik\u00f3w tego samego gatunku, zw\u0142aszcza je\u015bli nie tworz\u0105 par, ale rzadko wykazuje agresj\u0119 wobec innych gatunk\u00f3w. Nale\u017cy pami\u0119ta\u0107, \u017ce ma tendencj\u0119 do wyskakiwania ze zbiornika, dlatego akwarium powinno posiada\u0107 solidn\u0105 pokryw\u0119.<\/p>\n<p>Dieta: Yellow Prawn Goby jest mi\u0119so\u017cerna. W diecie powinny znale\u017a\u0107 si\u0119 larwy krewetek, artemia, solowiec, mro\u017cony pokarm oraz specjalistyczne preparaty dla ryb mi\u0119so\u017cernych. Karmienie powinno odbywa\u0107 si\u0119 przynajmniej dwa razy dziennie.<\/p>\n<p>Pochodzenie: Japonia, Mikronezja, Pacyfik Zachodni, Palau, Singapur, Wielka Rafa Koralowa<\/p>\n","protected":false},"excerpt":{"rendered":"<p>Odbi\u00f3r osobisty, Bia\u0142ystok \u2013 Klepacze \u2013 woj. Podlaskie Mo\u017cliwa wysy\u0142ka PKP \u2013 po\u0142\u0105czenia bezpo\u015brednie z Bia\u0142egostoku. Minimalne zam\u00f3wienie 600z\u0142. Koszt [&hellip;]<\/p>\n","protected":false},"featured_media":272,"comment_status":"open","ping_status":"closed","template":"","meta":{"site-sidebar-layout":"default","site-content-layout":"","ast-site-content-layout":"default","site-content-style":"default","site-sidebar-style":"default","ast-global-header-display":"","ast-banner-title-visibility":"","ast-main-header-display":"","ast-hfb-above-header-display":"","ast-hfb-below-header-display":"","ast-hfb-mobile-header-display":"","site-post-title":"","ast-breadcrumbs-content":"","ast-featured-img":"","footer-sml-layout":"","theme-transparent-header-meta":"","adv-header-id-meta":"","stick-header-meta":"","header-above-stick-meta":"","header-main-stick-meta":"","header-below-stick-meta":"","astra-migrate-meta-layouts":"default","ast-page-background-enabled":"default","ast-page-background-meta":{"desktop":{"background-color":"var(--ast-global-color-5)","background-image":"","background-repeat":"repeat","background-position":"center center","background-size":"auto","background-attachment":"scroll","background-type":"","background-media":"","overlay-type":"","overlay-color":"","overlay-opacity":"","overlay-gradient":""},"tablet":{"background-color":"","background-image":"","background-repeat":"repeat","background-position":"center center","background-size":"auto","background-attachment":"scroll","background-type":"","background-media":"","overlay-type":"","overlay-color":"","overlay-opacity":"","overlay-gradient":""},"mobile":{"background-color":"","background-image":"","background-repeat":"repeat","background-position":"center center","background-size":"auto","background-attachment":"scroll","background-type":"","background-media":"","overlay-type":"","overlay-color":"","overlay-opacity":"","overlay-gradient":""}},"ast-content-background-meta":{"desktop":{"background-color":"var(--ast-global-color-4)","background-image":"","background-repeat":"repeat","background-position":"center center","background-size":"auto","background-attachment":"scroll","background-type":"","background-media":"","overlay-type":"","overlay-color":"","overlay-opacity":"","overlay-gradient":""},"tablet":{"background-color":"var(--ast-global-color-4)","background-image":"","background-repeat":"repeat","background-position":"center center","background-size":"auto","background-attachment":"scroll","background-type":"","background-media":"","overlay-type":"","overlay-color":"","overlay-opacity":"","overlay-gradient":""},"mobile":{"background-color":"var(--ast-global-color-4)","background-image":"","background-repeat":"repeat","background-position":"center center","background-size":"auto","background-attachment":"scroll","background-type":"","background-media":"","overlay-type":"","overlay-color":"","overlay-opacity":"","overlay-gradient":""}}},"product_brand":[],"product_cat":[19],"product_tag":[],"class_list":{"0":"post-274","1":"product","2":"type-product","3":"status-publish","4":"has-post-thumbnail","6":"product_cat-ryby","7":"desktop-align-left","8":"tablet-align-left","9":"mobile-align-left","11":"first","12":"instock","13":"shipping-taxable","14":"purchasable","15":"product-type-simple"},"_links":{"self":[{"href":"https:\/\/faunatic.pl\/index.php\/wp-json\/wp\/v2\/product\/274","targetHints":{"allow":["GET"]}}],"collection":[{"href":"https:\/\/faunatic.pl\/index.php\/wp-json\/wp\/v2\/product"}],"about":[{"href":"https:\/\/faunatic.pl\/index.php\/wp-json\/wp\/v2\/types\/product"}],"replies":[{"embeddable":true,"href":"https:\/\/faunatic.pl\/index.php\/wp-json\/wp\/v2\/comments?post=274"}],"wp:featuredmedia":[{"embeddable":true,"href":"https:\/\/faunatic.pl\/index.php\/wp-json\/wp\/v2\/media\/272"}],"wp:attachment":[{"href":"https:\/\/faunatic.pl\/index.php\/wp-json\/wp\/v2\/media?parent=274"}],"wp:term":[{"taxonomy":"product_brand","embeddable":true,"href":"https:\/\/faunatic.pl\/index.php\/wp-json\/wp\/v2\/product_brand?post=274"},{"taxonomy":"product_cat","embeddable":true,"href":"https:\/\/faunatic.pl\/index.php\/wp-json\/wp\/v2\/product_cat?post=274"},{"taxonomy":"product_tag","embeddable":true,"href":"https:\/\/faunatic.pl\/index.php\/wp-json\/wp\/v2\/product_tag?post=274"}],"curies":[{"name":"wp","href":"https:\/\/api.w.org\/{rel}","templated":true}]}}