{"id":143,"date":"2025-11-07T15:17:47","date_gmt":"2025-11-07T14:17:47","guid":{"rendered":"https:\/\/faunatic.pl\/index.php\/produkt\/siganus-vulpinus-borsuk-m\/"},"modified":"2026-03-30T17:25:11","modified_gmt":"2026-03-30T15:25:11","slug":"siganus-vulpinus-borsuk-m","status":"publish","type":"product","link":"https:\/\/faunatic.pl\/index.php\/produkt\/siganus-vulpinus-borsuk-m\/","title":{"rendered":"Siganus vulpinus &#8211; Borsuk &#8211; M"},"content":{"rendered":"<p>Ryby po 2 tygodniowej aklimatyzacji. Pobieraj\u0105 mro\u017cony i suchy pokarm. Rozmiar M<\/p>\n<p>Odbi\u00f3r osobisty, Bia\u0142ystok &#8211; Klepacze &#8211; woj. Podlaskie<br \/>\nMo\u017cliwa wysy\u0142ka PKP &#8211; po\u0142\u0105czenia bezpo\u015brednie z Bia\u0142egostoku. Minimalne zam\u00f3wienie 400z\u0142. Koszt wysy\u0142ki 40z\u0142 (Styrobox + Heatpack 24h).<br \/>\nNa \u017cyczenie i odpowiedzialno\u015b\u0107 kupuj\u0105cego, mo\u017cliwa wysy\u0142ka UPS Expres Saver &#8211; dostawa nast\u0119pnego dnia do godz. 12:00 (koszt 40 z\u0142)<\/p>\n<p>Siganus vulpinus (Siganus Lo Vulpinu), potocznie nazywany borsukiem, to intensywnie \u017c\u00f3\u0142ta ryba morska, kt\u00f3rej zwyczajowa nazwa nawi\u0105zuje do charakterystycznego ubarwienia przypominaj\u0105cego borsuka. Cho\u0107 gatunek ten nie sprawia wi\u0119kszych trudno\u015bci w utrzymaniu, nale\u017cy do ryb p\u0142ochliwych \u2013 w sytuacjach stresowych zmienia barw\u0119 na br\u0105zow\u0105.<\/p>\n<p>Siganus Lo Vulpinu doskonale nadaje si\u0119 do akwari\u00f3w z obsad\u0105 koralow\u0105. Jest r\u00f3wnie\u017c ceniony za swoje zdolno\u015bci do zjadania glon\u00f3w porastaj\u0105cych ska\u0142y.<\/p>\n<p>Warunki hodowli w akwarium rafowym:<br \/>\nAkwarium: Zalecana pojemno\u015b\u0107 to minimum 350 litr\u00f3w. Ryba potrzebuje du\u017co przestrzeni do p\u0142ywania, szczeg\u00f3lnie w doros\u0142ym stadium.<\/p>\n<p>O\u015bwietlenie: Umiarkowane do silnego \u2013 wspiera rozw\u00f3j raf koralowych i zapewnia rybie odpowiednie warunki \u015bwietlne.<\/p>\n<p>Temperatura: Optymalna temperatura wody to 24\u201328\u00b0C.<\/p>\n<p>Parametry wody: Nale\u017cy utrzymywa\u0107 stabilne warunki \u2013 pH w zakresie 7,8\u20138,4 oraz odpowiedni poziom zasolenia.<\/p>\n<p>Karmienie: Ryba ch\u0119tnie przyjmuje zar\u00f3wno pokarm suchy, jak i mro\u017cony \u2013 najlepiej w postaci drobnych mro\u017conek. Podstaw\u0119 diety powinny stanowi\u0107 \u015bwie\u017ce algi.<\/p>\n","protected":false},"excerpt":{"rendered":"<p>Ryby po 2 tygodniowej aklimatyzacji. Pobieraj\u0105 mro\u017cony i suchy pokarm. Rozmiar M Odbi\u00f3r osobisty, Bia\u0142ystok &#8211; Klepacze &#8211; woj. Podlaskie [&hellip;]<\/p>\n","protected":false},"featured_media":142,"comment_status":"open","ping_status":"closed","template":"","meta":{"site-sidebar-layout":"default","site-content-layout":"","ast-site-content-layout":"default","site-content-style":"default","site-sidebar-style":"default","ast-global-header-display":"","ast-banner-title-visibility":"","ast-main-header-display":"","ast-hfb-above-header-display":"","ast-hfb-below-header-display":"","ast-hfb-mobile-header-display":"","site-post-title":"","ast-breadcrumbs-content":"","ast-featured-img":"","footer-sml-layout":"","theme-transparent-header-meta":"","adv-header-id-meta":"","stick-header-meta":"","header-above-stick-meta":"","header-main-stick-meta":"","header-below-stick-meta":"","astra-migrate-meta-layouts":"default","ast-page-background-enabled":"default","ast-page-background-meta":{"desktop":{"background-color":"var(--ast-global-color-5)","background-image":"","background-repeat":"repeat","background-position":"center center","background-size":"auto","background-attachment":"scroll","background-type":"","background-media":"","overlay-type":"","overlay-color":"","overlay-opacity":"","overlay-gradient":""},"tablet":{"background-color":"","background-image":"","background-repeat":"repeat","background-position":"center center","background-size":"auto","background-attachment":"scroll","background-type":"","background-media":"","overlay-type":"","overlay-color":"","overlay-opacity":"","overlay-gradient":""},"mobile":{"background-color":"","background-image":"","background-repeat":"repeat","background-position":"center center","background-size":"auto","background-attachment":"scroll","background-type":"","background-media":"","overlay-type":"","overlay-color":"","overlay-opacity":"","overlay-gradient":""}},"ast-content-background-meta":{"desktop":{"background-color":"var(--ast-global-color-4)","background-image":"","background-repeat":"repeat","background-position":"center center","background-size":"auto","background-attachment":"scroll","background-type":"","background-media":"","overlay-type":"","overlay-color":"","overlay-opacity":"","overlay-gradient":""},"tablet":{"background-color":"var(--ast-global-color-4)","background-image":"","background-repeat":"repeat","background-position":"center center","background-size":"auto","background-attachment":"scroll","background-type":"","background-media":"","overlay-type":"","overlay-color":"","overlay-opacity":"","overlay-gradient":""},"mobile":{"background-color":"var(--ast-global-color-4)","background-image":"","background-repeat":"repeat","background-position":"center center","background-size":"auto","background-attachment":"scroll","background-type":"","background-media":"","overlay-type":"","overlay-color":"","overlay-opacity":"","overlay-gradient":""}}},"product_brand":[],"product_cat":[19],"product_tag":[],"class_list":{"0":"post-143","1":"product","2":"type-product","3":"status-publish","4":"has-post-thumbnail","6":"product_cat-ryby","7":"desktop-align-left","8":"tablet-align-left","9":"mobile-align-left","11":"first","12":"outofstock","13":"shipping-taxable","14":"purchasable","15":"product-type-simple","16":"out-of-stock-bw"},"_links":{"self":[{"href":"https:\/\/faunatic.pl\/index.php\/wp-json\/wp\/v2\/product\/143","targetHints":{"allow":["GET"]}}],"collection":[{"href":"https:\/\/faunatic.pl\/index.php\/wp-json\/wp\/v2\/product"}],"about":[{"href":"https:\/\/faunatic.pl\/index.php\/wp-json\/wp\/v2\/types\/product"}],"replies":[{"embeddable":true,"href":"https:\/\/faunatic.pl\/index.php\/wp-json\/wp\/v2\/comments?post=143"}],"wp:featuredmedia":[{"embeddable":true,"href":"https:\/\/faunatic.pl\/index.php\/wp-json\/wp\/v2\/media\/142"}],"wp:attachment":[{"href":"https:\/\/faunatic.pl\/index.php\/wp-json\/wp\/v2\/media?parent=143"}],"wp:term":[{"taxonomy":"product_brand","embeddable":true,"href":"https:\/\/faunatic.pl\/index.php\/wp-json\/wp\/v2\/product_brand?post=143"},{"taxonomy":"product_cat","embeddable":true,"href":"https:\/\/faunatic.pl\/index.php\/wp-json\/wp\/v2\/product_cat?post=143"},{"taxonomy":"product_tag","embeddable":true,"href":"https:\/\/faunatic.pl\/index.php\/wp-json\/wp\/v2\/product_tag?post=143"}],"curies":[{"name":"wp","href":"https:\/\/api.w.org\/{rel}","templated":true}]}}